 the remainder when 5316516 is divided by 322?
296
Calculate the remainder when 711553 is divided by 12937.
18
Calculate the remainder when 342799 is divided by 752.
639
What is the remainder when 44511 is divided by 22174?
163
Calculate the remainder when 224888 is divided by 509.
419
Calculate the remainder when 140369478 is divided by 2390.
2388
What is the remainder when 1606582 is divided by 321310?
32
What is the remainder when 319675 is divided by 29046?
169
What is the remainder when 632672 is divided by 2500?
172
What is the remainder when 1471192 is divided by 294237?
7
What is the remainder when 259687367 is divided by 394?
391
What is the remainder when 7248193 is divided by 20?
13
Calculate the remainder when 2062735 is divided by 31252.
103
What is the remainder when 1660769 is divided by 77?
33
Calculate the remainder when 183870 is divided by 45515.
1810
Calculate the remainder when 200278 is divided by 9382.
3256
Calculate the remainder when 2540853 is divided by 362879.
700
Calculate the remainder when 3719861 is divided by 2000.
1861
What is the remainder when 1214820 is divided by 404818?
366
Calculate the remainder when 4866431 is divided by 1216601.
27
Calculate the remainder when 4278813 is divided by 475423.
6
Calculate the remainder when 3836 is divided by 166.
18
What is the remainder when 37516722 is divided by 18758359?
4
What is the remainder when 26024786 is divided by 935?
931
Calculate the remainder when 146985 is divided by 146895.
90
Calculate the remainder when 303735 is divided by 4978.
77
Calculate the remainder when 2007742 is divided by 20280.
22
Calculate the remainder when 98942 is divided by 9.
5
What is the remainder when 3590277 is divided by 598351?
171
Calculate the remainder when 3223936 is divided by 50.
36
Calculate the remainder when 137481 is divided by 2686.
495
Calculate the remainder when 1968814088 is divided by 1654.
1652
What is the remainder when 56953502 is divided by 1557?
1556
Calculate the remainder when 3013582 is divided by 333.
265
What is the remainder when 666139 is divided by 1028?
1023
What is the remainder when 241482052 is divided by 1436?
1420
Calculate the remainder when 400498 is divided by 23.
22
Calculate the remainder when 39582 is divided by 5362.
2048
Calculate the remainder when 575795 is divided by 293.
50
What is the remainder when 1646469 is divided by 109764?
9
What is the remainder when 4592645 is divided by 17?
10
What is the remainder when 117591 is divided by 4114?
2399
What is the remainder when 23246 is divided by 19022?
4224
Calculate the remainder when 8837735 is divided by 228.
227
What is the remainder when 47938 is divided by 15153?
2479
Calculate the remainder when 106883 is divided by 26343.
1511
Calculate the remainder when 1191870 is divided by 32.
30
Calculate the remainder when 197293 is divided by 242.
63
What is the remainder when 6394729 is divided by 10?
9
Calculate the remainder when 1407968 is divided by 201136.
16
Calculate the remainder when 4876516 is divided by 243.
235
Calculate the remainder when 454003 is divided by 11071.
92
What is the remainder when 250391 is divided by 125188?
15
Calculate the remainder when 323610 is divided by 161782.
46
What is the remainder when 4873001 is divided by 591?
206
What is the remainder when 3190820 is divided by 645?
5
What is the remainder when 45706 is divided by 537?
61
Calculate the remainder when 5852462 is divided by 1950783.
113
Calculate the remainder when 2303831 is divided by 90.
11
What is the remainder when 28863018 is divided by 20?
18
Calculate the remainder when 3262143 is divided by 2267.
2197
Calculate the remainder when 5198159 is divided by 240.
239
Calculate the remainder when 6786327 is divided by 4749.
6
What is the remainder when 17116 is divided by 17077?
39
What is the remainder when 1062232 is divided by 1094?
1052
Calculate the remainder when 65762 is divided by 336.
242
Calculate the remainder when 25657202 is divided by 943.
58
What is the remainder when 4907335 is divided by 1990?
1985
Calculate the remainder when 13010860 is divided by 85.
80
What is the remainder when 3929126 is divided by 316?
298
Calculate the remainder when 157315 is divided by 10477.
160
What is the remainder when 78018849 is divided by 2314?
25
What is the remainder when 155155 is divided by 19394?
3
Calculate the remainder when 280972 is divided by 2217.
1630
Calculate the remainder when 28888 is divided by 1307.
134
Calculate the remainder when 45449345 is divided by 6.
5
Calculate the remainder when 16709216 is divided by 21.
20
What is the remainder when 40526 is divided by 19974?
578
Calculate the remainder when 817291 is divided by 42.
13
What is the remainder when 66098 is divided by 404?
246
What is the remainder when 186961 is divided by 484?
137
What is the remainder when 7484 is divided by 7383?
101
Calculate the remainder when 34621330 is divided by 4.
2
Calculate the remainder when 3746358 is divided by 426.
114
Calculate the remainder when 6960095 is divided by 352.
351
Calculate the remainder when 1306544 is divided by 387.
32
Calculate the remainder when 541298 is divided by 35.
23
Calculate the remainder when 4339987 is divided by 617.
9
What is the remainder when 358250 is divided by 1569?
518
What is the remainder when 312735 is divided by 104122?
369
Calculate the remainder when 37372 is divided by 1902.
1234
